c = 4*x + y*c - 71, -4*c - 61 = -3*x. Suppose 5 + x = 3*p. Does 4 divide p?
True
Suppose 0 = 4*d - 2*n - 470, -4*d = -n + 3*n - 490. Let m be (-2)/(((-6)/(-4))/(-3)). Suppose -m*i + i = -d. Is i a multiple of 20?
True
Let v(s) = -s**3 - 2*s**2. Let x be v(-3). Let a be 8/(-4)*x*-10. Suppose -5*m + a = -0*m. Does 18 divide m?
True
Let t(c) = 2 + 2*c - 2 - 3*c + c**2. Let m be t(0). Suppose m = -5*k + 5*a + 170, -6*k + k = -2*a - 167. Does 19 divide k?
False
Let n be (1*22)/(2 + -1). Let y = n + -7. Is y a multiple of 15?
True
Let f(a) = 4*a**3 - a**2 - 2. Suppose 5*u + 0*u = 10. Let w(z) = z**2 - z. Let t be w(u). Is f(t) a multiple of 8?
False
Suppose -8*y - 983 = -2927. Is 34 a factor of y?
False
Suppose 15 = -3*v - 3*z, -z - 1 - 6 = 3*v. Let w = 7 + v. Does 2 divide w?
True
Does 11 divide (6/(-15))/(3/(-765))?
False
Suppose -2*d + 48 = 5*u, -u - 4*d + 0*d = -24. Suppose -2*k = y - u, -4*y + 9 = -3*k - 1. Is k a multiple of 2?
True
Does 3 divide 45 + (-11 - -4) + 3?
False
Let r be (-1)/(-2 - 7/(-4)). Suppose r*i + 30 = i. Is 4/i - (-201)/15 a multiple of 13?
True
Let o(r) = -7*r. Let b be o(-2). Let u = b - 24. Is 13 a factor of 13/(-2)*u/5?
True
Let p be (-2 - 0)*30/(-12). Suppose -y = -4*r - 3*y + 6, -3*y = p*r - 7. Suppose 18 = r*n + n. Is n a multiple of 3?
True
Suppose -4*k + 7*k - 237 = -3*n, -4*k + 356 = -4*n. Let s = -43 + k. Does 16 divide s?
False
Suppose 21 = 5*q - 454. Does 22 divide q?
False
Is (-17844)/(-132) + (-6)/33 a multiple of 27?
True
Suppose -4*f = -3 - 21. Let i = 12 - f. Let x(t) = t**2 - 3*t - 7. Is 11 a factor of x(i)?
True
Let j = -50 - -81. Does 6 divide j?
False
Let m be 2 + (1 + 0 - -11). Let t = m - 9. Let s = t - 3. Is 2 a factor of s?
True
Let h = 107 - 78. Does 5 divide h?
False
Let w(l) = 6*l + 4. Let j be w(-5). Let n = 16 + j. Let p(q) = -2*q - 14. Is 3 a factor of p(n)?
True
Let t = 935 - 659. Is 31 a factor of t?
False
Let o = 2 - 0. Suppose 0 = q + o*q. Suppose h + h - 3*f - 7 = q, h + 3*f = 8. Is 3 a factor of h?
False
Suppose u = -4*a + 46, -47 = -4*a - 2*u - 3. Suppose -3*d + 6*d = -21. Let t = a + d. Is t even?
False
Let s be (13 + -1)*17/2. Suppose 0 = -3*w - 2*q + s, -w - w + 5*q + 49 = 0. Is 16 a factor of w?
True
Let w be 140/77 + (-2)/(-11). Suppose w*z - 52 = -2*z. Is 13 a factor of z?
True
Suppose -13*o + 11*o + 30 = 0. Does 8 divide o?
False
Let m be -2*1/2*-1. Suppose 2*u - 32 = -2*i, -2*i = -3*u - 43 + m. Suppose 2*z - 12 = i. Does 11 divide z?
False
Suppose -9*o = -826 - 434. Does 14 divide o?
True
Suppose 0 = 4*k - 0*k - 3*t - 23, 2*t = 3*k - 17. Let a(v) be the second derivative of v**3/2 - v**2 - 5*v. Is 13 a factor of a(k)?
True
Let m(y) = -5*y - 1. Let p be m(-2). Suppose 340 = 4*a - 2*b, -1 = 4*b - p. Let l = a - 61. Does 11 divide l?
False
Let o(i) = -i + 34. Is 9 a factor of o(-20)?
True
Suppose 3*m - 2*s - 9 = 41, -12 = 3*s. Suppose f - m = 2*f. Is 1/(-3) + f/(-6) even?
True
Let q(w) = -28*w - 8. Does 40 divide q(-6)?
True
Let i = -22 - -30. Is i a multiple of 4?
True
Let g(i) = i**2 - 2*i - 12. Let t be ((-5)/(-4))/((-4)/(-16)). Is g(t) a multiple of 2?
False
Let c(h) = -7*h + 5. Is 16 a factor of c(-5)?
False
Let r be 3 - ((-8)/(-4) - -56). Is (-56)/(-10) - 22/r a multiple of 4?
False
Let x be 0/((-3)/(-1))*1. Suppose x = 2*r - 9 - 5. Is 5 a factor of r?
False
Let l be 1/5 + 52/(-10). Let z(f) = 2*f**2 + 5*f - 1. Let v be z(l). Suppose 0 = -3*y + 4*j - 9*j + 20, -2*j - v = -2*y. Is 5 a factor of y?
True
Let p(y) = -2*y**3 - 2*y**2 - 2*y + 2. Let q be (3/2)/((-3)/4). Does 3 divide p(q)?
False
Does 26 divide 4/1 + 123 - -3?
True
Let r(k) = k**3 + 6*k**2 - 7*k + 9. Let n(s) = s**3 - 5*s**2 - 7*s - 1. Let v be n(6). Let f be r(v). Let l = f + -3. Is 5 a factor of l?
False
Let l(i) = -14*i**3 + 7*i**2 + 2*i - 1. Is l(-2) a multiple of 45?
True
Let k be (-15)/20 + (-3)/(-4). Suppose 4*x - 32 - 88 = k. Is 10 a factor of x?
True
Is 6 a factor of (0 + 1)/((-18)/(-270))?
False
Let b(r) = -r**2 + 15*r + 13. Does 21 divide b(10)?
True
Let o(j) = -17*j + 42. Does 28 divide o(-14)?
True
Let i = 5 + 6. Does 11 divide i?
True
Let s = -3 - -8. Let g = -37 - -71. Suppose 2*v - g = -v - f, s*v - 54 = f. Does 5 divide v?
False
Suppose -109 = -15*v + 971. Is 18 a factor of v?
True
Let j = -4 - 3. Let t(z) = z**2 - 9*z - 24. Let p be t(11). Let v = p - j. Is v a multiple of 2?
False
Suppose w = 3*t - 33, -9 = -5*w + 6. Is t a multiple of 12?
True
Let v(f) = -21*f + 10. Does 24 divide v(-3)?
False
Suppose 3*z - 5*a - 113 = -0*a, 2*z - a = 73. Suppose 31 = 4*j + 4*k - 3*k, -4*k = -4*j + z. Is j a multiple of 4?
True
Let a be 4*((-38)/4 + 3). Let q = -69 + 21. Let c = a - q. Is 11 a factor of c?
True
Suppose 94 + 5 = 3*q - 3*m, 4*m = -q + 8. Does 6 divide q?
False
Is (0 - 2)*(-22 + 11) a multiple of 15?
False
Let c(o) = 2*o**2 + o + 1. Let g(j) = -j**2 - j + 1. Let z be g(-2). Is c(z) even?
True
Let k be (-8)/6*9/6. Let c be 0*(-3)/(4 - k). Suppose c = 5*a - 37 - 23. Does 12 divide a?
True
Let b(d) = 31*d - 1. Let p be b(-6). Let q = p - -353. Let j = q - 109. Is j a multiple of 22?
False
Suppose -y - 121 = -2*m, m + 2*y + y = 50. Is 6 a factor of m?
False
Suppose 0 = -5*m - 2*g + 7 + 24, g = -m + 8. Suppose c = -4*u + 20, 0 = -m*c + u - 0*u + 121. Is c a multiple of 7?
False
Suppose 2*a = 4*a + 6. Let w be 15/10*(-2)/a. Is 10 a factor of 34 + -3*(-2 + w)?
False
Let n be 49/4 + 5/(-20). Let y = 14 + n. Is 9 a factor of y?
False
Let r(w) = 3*w**2 - 12*w - 25. Is 16 a factor of r(-5)?
False
Let v = 127 + -51. Suppose -k + 5*t = -32, -5*k - t + v = 2*t. Suppose 0 = -4*h + k + 23. Is 10 a factor of h?
True
Suppose -6*w + 3*s - 150 = -2*w, 4*s - 70 = 2*w. Let f = w - -81. Is 14 a factor of f?
True
Let d = 0 - -8. Let h(j) = j - 2. Let s be h(d). Suppose 2*k - s*k + 3*x = -119, -5*k + 4*x = -148. Does 16 divide k?
True
Does 22 divide 466/(1/(1/2))?
False
Let b(h) = 4*h**3 - 2*h**2 + 2. Is b(2) a multiple of 26?
True
Suppose 4*s + 104 = o, 0 = -2*o + s - 41 + 228. Does 23 divide o?
True
Let t(f) = 28*f**2. Suppose 0 = 2*w - 1 - 1. Is 7 a factor of t(w)?
True
Let k = 146 + -306. Is (3/2)/((-12)/k) a multiple of 13?
False
Let r(v) = -2*v - 3. Let j be r(-4). Suppose t = 4 + j. Does 3 divide t?
True
Let h(x) = -6*x + 2 + 0*x - x + 0. Let s be h(2). Does 21 divide (-3)/12 + (-507)/s?
True
Let t(j) be the first derivative of j**4/4 - 5*j**3/3 + 3*j**2 - 4*j - 1. Let a be t(4). Suppose 3*l - 55 = a*z, 3*l - z - 48 + 5 = 0. Is 13 a factor of l?
True
Let x(z) be the third derivative of -13*z**4/12 - z**3/6 - z**2. Suppose 4*d + 17 - 13 = 0. Is 20 a factor of x(d)?
False
Suppose 99 = -l - 4*z + 9, 4*l = 4*z - 320. Let h = l + 130. Is 16 a factor of h?
True
Suppose 4 = j - 1. Is 5/(-25) - (-151)/j a multiple of 6?
True
Let a = -3 - -8. Is a a multiple of 4?
False
Let x = -55 - -112. Suppose -h + x = 5*k - 50, -5*k - 385 = -5*h. Is h a multiple of 29?
False
Let g(d) = -21*d**2 - d - 3. Let z be g(-3). Let s be z/(-15) + (-2)/(-5). Suppose s = 2*h + 3. Is h a multiple of 3?
False
Let g = -34 + 116. Is 7 a factor of g?
False
Suppose 2*m + 9*y - 21 = 4*y, -4*y = -20. Let o be 1/2*m - -12. Suppose -2*s + 39 - o = 0. Does 7 divide s?
True
Let r(p) be the second derivative of -p**5/20 + 5*p**4/12 + p**3/6 + p**2 + p. Does 7 divide r(5)?
True
Let s be 10/(-2)*(-2)/2. Suppose -2*a = -s*a + 18. Is a a multiple of 2?
True
Let x = -49 + 145. Does 8 divide x?
True
Suppose -5 = 5*n + q + 17, 5*n = 4*q - 37. Let s(u) = -u - 3 + u**3 + 4 + 5*u**2 - 4. Does 2 divide s(n)?
True
Suppose -5*k = 5, -1054 = -5*b - 2*k - 21. Is b a multiple of 15?
False
Does 29 divide (-60 + 2)/((-4)/10)?
True
Suppose 4*k + 3*i - i = 324, 0 = 5*k - i - 419. Is 36 a factor of k?
False
Let d(z) = z**3 - 3*z**2 - 6*z + 12. Let l be d(6). Suppose -2*g = -3*r - 15 - 42, -5*r = -3*g + l. Is 7 a factor of g?
False
Let v(j) = 57*j**2 + j. Does 12 divide v(1)?
False
Suppose -p - 15 = -6*p. Suppose -5*j = -p*c - j + 80, -3*j - 30 = -c. Does 24 divide c?
True
Suppose 14*t - 9*t - 495 = 0. Does 6 divide t?
False
Let u(x) = x**2 + 3*x. Let t be 6/(0 - 3/(-2)). Suppose 0*q = 2*q, t*g + q = -24. Is 9 a factor of u(g)?
True
Let p(t) = t + 1. Let f be p(3). Let s be 17/f*16/4. Suppose 3*a - s - 19 = 0. Is a a multiple of 6?
True
Suppose -3*x - 2*x = -15. Suppose x*q = 2